e hundreds digit of n?
7
Let p(t) = t**2 + 4*t + 5. Let j be p(-4). Let g = -10 + 12. Suppose 0 = -g*x + i + 2*i + 37, 0 = x - j*i - 22. What is the tens digit of x?
1
Let s = 200 - 46. What is the units digit of s?
4
Suppose -5*j - 4 = -0*l + 2*l, 5*l + j = 13. Let p(u) = l*u + 1 - u + 6*u + 8*u. What is the tens digit of p(1)?
1
Let s be (-20)/30*(4 + -1). What is the tens digit of (s/((-8)/22))/(10/220)?
2
Let x = -801 + 3024. What is the hundreds digit of x?
2
Suppose 2*l = 3*l - 3*h + 19, -3*h + 11 = l. Let a = -2 + 0. What is the tens digit of (-2)/(a - l)*-24?
2
Let u(z) = z**3 - 15*z - 46. What is the tens digit of u(13)?
5
Let a(r) = -r**2 + 4*r**2 - 6 - 6*r + 0*r**2 - 3*r**3 + 4*r**3. Let o be a(-4). Suppose 4*j + 53 = 3*u + 2*j, o*u + 4*j - 14 = 0. What is the units digit of u?
5
Suppose 4*o - 18039 = -4*r - 4431, 4*r = 3*o + 13629. What is the units digit of r?
5
Suppose 213 = 5*k + 33. Let o be (k/12)/((-6)/(-4)). Suppose -o*y + y = -14. What is the units digit of y?
4
Let h(t) = 2*t**2 - 11*t - 9. Let f be h(9). Let k = 9 + f. What is the units digit of k?
3
Let r = -229 - -518. What is the units digit of r?
9
Suppose -2 = -5*s + 78. Suppose -3*b = b - s. Suppose -b*i + 101 = -5*q, -5*i - q + 120 = -6*q. What is the units digit of i?
9
Let s(d) = -d**3 - 6*d**2 - 9*d. Let c be s(-4). What is the units digit of (-32*(-8 + c))/1?
8
Let h(d) = 20*d**2 - 2*d + 2. Let v(u) = -u**3 - 7*u**2 - 6*u + 3. Let s be v(-6). What is the tens digit of h(s)?
7
Suppose -r + 1710 - 540 = 0. What is the hundreds digit of r?
1
Suppose 26418 = 8*z + 6*z. What is the thousands digit of z?
1
Let c(j) = 2*j**2 - 3*j. Let p be c(3). Suppose 3*n - p*n = -12. Suppose -2*s = -0*s - n. What is the units digit of s?
1
Suppose 4*l = 12 + 8. Suppose -4*p - 718 = -l*k, 5*p + 157 = 4*k - 421. What is the tens digit of k?
4
Let f(o) = o + 3. Let g be f(-8). Let h be g*7/(70/(-4)). Suppose -h*k - 3*b + 1 = 2, -4*k + 3*b = -25. What is the units digit of k?
4
Suppose -y = -5*y + 156. Suppose 0 = -8*i + 9*i - y. What is the tens digit of i?
3
Let u be ((-4)/(-2))/(((-24)/(-194))/6). Suppose -4*z = -u - 459. What is the hundreds digit of z?
1
Let s = -6 - -4. Let f be ((-6)/3)/s - -1. Suppose 0 = -p + f*p - 25. What is the units digit of p?
5
Let a be -2 + -1 + 3 + 15. Suppose 16*o - a*o - 53 = 0. What is the tens digit of o?
5
Suppose 8*t + 1841 = l + 6*t, l = -t + 1847. What is the units digit of l?
5
Let k be (-2)/(-6)*(639 - -3). Let i = k + -45. Suppose 64 = -5*y + i. What is the units digit of y?
1
Suppose t = -2*f + 8, 5*f - 5*t + 1 = 21. Suppose 3*i + f = 4*i. Suppose i*q - 6 = 3*b + 2, 0 = -4*q - 3*b + 32. What is the units digit of q?
5
Let z(k) be the second derivative of -1/20*k**5 + 2*k**2 + 8*k + 0 - 1/12*k**4 + 1/2*k**3. What is the tens digit of z(-4)?
4
Let f(p) = p**3 + p**2 + p + 14. Suppose -2*v + 50 = 8*v. What is the hundreds digit of f(v)?
1
Let g(p) = -p**3 + 15*p**2 + 48*p - 25. What is the tens digit of g(-13)?
8
Let m be (-2)/(-7)*1 + 45444/98. Let b = -273 + m. What is the hundreds digit of b?
1
Suppose -27760 = 48*o - 68*o. What is the thousands digit of o?
1
Suppose -2*z = -3*z - 10. Let a = z + 13. What is the tens digit of (-7)/(-21) - (-38)/a?
1
Let q(k) = 13*k**2 - 3*k + 3. Let u be q(5). Let a = -200 + u. What is the tens digit of a?
1
Suppose z - 1 = 0, -2*z = 4*x + 88 + 18. Let y = x + 26. What is the units digit of (0 - -3) + (y - -43)?
5
Let w(v) = v - 10. Let l be w(10). Let s be (-2)/(l - 1/(-5)). What is the units digit of 4/(-20) + (-152)/s?
5
Let v = -8 - -5. Let z(m) = m**3 + 26*m**2 + 50*m + 49. Let w be z(-24). What is the units digit of v*w - (2 - 6)?
1
Suppose 42*s - 46*s - 13200 = -4*u, -4*u = -5*s - 13198. What is the hundreds digit of u?
3
Let x(g) = 903*g + 1. What is the thousands digit of x(2)?
1
Suppose 7*y - 22 = 20. Suppose 3*r = -4*b + 542, y*b - 2*r = 2*b + 532. What is the tens digit of b?
3
Let v(b) = -b**2 - 49*b - 197. What is the units digit of v(-33)?
1
Suppose 0*o - o = -22. Suppose 2*z - 5*f + o = 394, -4*f + 897 = 5*z. Suppose l - 3*n = -4*l + z, l - 4*n = 43. What is the units digit of l?
5
Let a be (-45)/(-18)*(-1)/(-1)*2. What is the units digit of -3 + (515/5 - a)?
5
Suppose 2*r + 3*r = 2*l + 4, 3*r = 2*l. Suppose 0 = -4*q - l*q + 378. What is the units digit of q?
4
What is the thousands digit of ((-138)/(-345))/(4/42830)?
4
Let c be 2/((-6)/(-12)*-2). What is the tens digit of -68*((-5)/c - 3)?
3
Let c = -82 - -175. Suppose -4*t + 0*y - 5*y = -169, 3*t = 3*y + c. What is the units digit of t?
6
Let y(a) = -15*a - 7. Let o(m) = -76*m - 36. Let f(v) = -3*o(v) + 16*y(v). Let p be f(-2). What is the units digit of (-8)/p*5/(-2)?
1
Let k = -17 - -19. Suppose k*a + v = 12, 2*a = 5*a - v - 8. Suppose -4*x = -5*s - 111, a*s = -x + 33 - 0. What is the units digit of x?
9
Let r = 13 + 9. Let y = 61 - r. What is the units digit of y?
9
Suppose 15302 - 3989 = 9*y. What is the thousands digit of y?
1
Let u = 909 - 347. Let k = -287 + u. What is the tens digit of k?
7
Suppose -108 = -4*n - 2*z, 4*n - 80 = z + 4*z. Suppose -2*g + n = 2*h - 13, 1 = g - 5*h. What is the units digit of g?
6
Let u(m) = 6*m - 20. Let q be u(6). Suppose 6*g - 5*g - q = 0. What is the tens digit of g?
1
Let z(b) = -b**3 - 8*b**2 - 7*b + 3. Let i be z(-7). Suppose i*l = 19 - 7. Suppose -2*x + 51 = l*q - 9*q, -4*q = -3*x + 80. What is the tens digit of x?
2
Let w(g) = -2*g**3 + 47*g**2 - 3*g - 64. What is the units digit of w(20)?
6
Suppose 3*m - 3265 = -1198. What is the hundreds digit of m?
6
What is the units digit of 1/(1 - 0) + (483 - -659)?
3
Suppose 2*m - 7 = -3*i, -5*m + 0 + 5 = 5*i. Let h = 0 + i. What is the units digit of h?
5
Suppose 3*h = -2*h. Suppose h = 2*k + p - 124, k - 33 - 47 = 4*p. What is the units digit of k?
4
Suppose 0 = m - 2*l + 10, -3*l + 0*l = 4*m + 40. Let j = m + 12. Suppose b = -3*x + 46 - 4, -j*x = -b - 33. What is the tens digit of x?
1
Let v be ((-9)/12)/((-2)/(-24)). Let x = v + 13. Suppose 4*a = 3 - 15, 5*a = x*n - 83. What is the tens digit of n?
1
Suppose 2*l - 9 - 6 = 3*b, 0 = -5*l + 4*b + 20. Suppose 0 = -3*j - 3 + 15. What is the units digit of l + ((-64)/(-4))/j?
4
Suppose 0 = -0*c - 3*c + 1752. Suppose c = 9*b - b. What is the tens digit of b?
7
Let v(k) be the first derivative of 2*k**3/3 - 2*k**2 + 5*k + 5. What is the units digit of v(4)?
1
Suppose -4*c = 2*f + 470, -3*f + 469 = -5*f - 5*c. Let n = 340 + f. What is the tens digit of n?
0
Let n be (2/(-7))/((-2)/14). Suppose -4*w + 3*w = 2*h - 36, -n*h + 3*w + 52 = 0. What is the units digit of (18/(-4))/((-15)/h)?
6
Let s = 35 + -31. What is the tens digit of (s*16/12)/((-2)/(-36))?
9
Suppose -9*j + 6 = -12. Suppose -104 = -j*l - 2*p, 3*l + 3*p - 128 = 7*p. What is the tens digit of l?
4
Let a(h) = 2508*h**2 + 7*h + 6. What is the units digit of a(-1)?
7
Suppose 106 + 238 = 8*k. What is the tens digit of k?
4
Suppose -3*n - 19 = -5*u, 3*n = 3*u - 0 - 9. Let o(t) = t**n + 3 + 4*t**3 + 7*t - 10*t - 2*t**2. What is the units digit of o(2)?
5
Let o be (4/(-10))/((-1)/430). Suppose 5*n = 5*j + 560, -3*j + 65 = 2*n + 406. Let s = j + o. What is the units digit of s?
9
Let v be 2/((14/(-4))/(-7)). Let j = v - 11. Let q = 9 + j. What is the units digit of q?
2
Let l(x) = -3*x + 4. Let u be l(3). Let n be u/2*(-8 - 40). Suppose -5*b = -65 - n. What is the tens digit of b?
3
Let h(a) = -19*a - 1. Suppose 0*v - 3*v + 12 = 0. Suppose f + 14 = 3*f + 4*z, 3*f + 19 = v*z. What is the tens digit of h(f)?
1
Let t be (5/2 + 5/(-10))*1. What is the tens digit of 39 + ((-7)/t - (-9)/6)?
3
Let q(f) = f**3 + f**2. Let t be q(1). Suppose t*g + 2*g - 56 = 0. What is the units digit of g?
4
Let x be 487/9 + 4/(-36). Suppose 98 = 4*y + 4*r - 14, 0 = 2*y + r - x. What is the units digit of y?
6
Suppose 5*w - 1890 = -2*d, -w + 12 = -4*w. What is the hundreds digit of d?
9
Let v = 2 + 5. Let a(m) be the first derivative of 2*m**2 - 7*m + 13. What is the units digit of a(v)?
1
What is the hundreds digit of -4 + 17628/90 - 2/(-15)?
1
Let m(w) = -7*w - 3. Let h be m(3). Let s = -16 - h. What is the units digit of s?
8
Let h(w) = -w - 2. Let r(z) = z + 1. Let n(s) = 2*h(s) + 3*r(s). Let y be n(7). Suppose 0 - y = -3*f. What is the units digit of f?
2
Let w = 14 - -4